. Let a(m) = -m**2 - 9*m + 7. Let v(b) = a(b) - t(b). Is v(-7) a composite number?
False
Let f = 108 - 41. Is f a prime number?
True
Let q(k) = k + 3. Let c be q(-3). Let p = 307 + -213. Suppose c + p = 2*a. Is a prime?
True
Let i(v) = 6*v**2 + 5*v - 3. Let r be (7/14)/(2/8). Is i(r) composite?
False
Suppose 4*w - 1369 + 477 = 0. Is w prime?
True
Suppose 3*l - 117 = -4*q, -2*q - 3*l + 60 = -l. Suppose 0 = -c - 5*j + 43, 57 = 4*c + 4*j - 35. Let g = q - c. Is g prime?
False
Let s = 8 - 6. Let t(w) = -11*w**2 - w + 2. Let b be t(s). Let o = -30 - b. Is o prime?
False
Suppose h - 49 = 4. Is h composite?
False
Let y = 10 + 40. Is y/15*(-291)/(-2) prime?
False
Suppose 6*c - c = 15, 0 = -4*s + 4*c + 164. Suppose -x - x = -s. Is (x/6)/(2/12) composite?
True
Suppose s + 4 = -5*n, -6*n + 5*s = -2*n + 9. Is (n + 120)*(3 + -2) a prime number?
False
Let r(h) = h**3 + 10*h**2 + 6*h - 10. Let f = 0 - 7. Is r(f) composite?
True
Let v(r) be the third derivative of r**5/15 - r**4/12 - 5*r**3/6 + 4*r**2. Is v(5) composite?
True
Let a(c) = -c**2 + 18*c - 1. Let w(q) = 3*q - 4. Let p be w(4). Is a(p) prime?
True
Let w(d) = -d + 6. Let k be w(6). Suppose k = -3*p - 4 + 82. Is p a composite number?
True
Suppose 0 = 2*t - 37 - 93. Is t prime?
False
Let c = 16 - 7. Let b(m) = m**3 - 5*m**2 - 6*m - 3. Is b(c) prime?
False
Is 3*-31*8/(-12) a composite number?
True
Let a = -38 - -56. Let x(g) = 7*g**2 + a*g**2 + 3*g - 4*g. Is x(-1) composite?
True
Let t(v) = 448*v**2 - 7*v - 6. Let k(z) = 447*z**2 - 6*z - 5. Let c(g) = 4*k(g) - 3*t(g). Is c(-1) a prime number?
False
Let g(j) = -j - 7. Let v be g(-12). Suppose 0 = -2*x - v*m + 27, -5*x - m - 5 + 107 = 0. Is x a prime number?
False
Suppose 23 - 7 = 4*c. Let t(h) = h**2 - 2*h + 1. Is t(c) composite?
True
Suppose 5*c + 109 = 894. Is c composite?
False
Suppose -20 = -2*m - 4. Let j(c) be the third derivative of c**4/8 + 11*c**3/6 + c**2. Is j(m) composite?
True
Suppose z - 295 = -q, -1103 = -3*q - 5*z - 210. Is q a prime number?
False
Let g(s) = s**3 - 4*s**2 + 6*s**2 + 4*s**2 - 2*s - 1 - 3*s. Is g(-5) a prime number?
False
Suppose n = -p - 2*p - 248, 5*n - 5 = 0. Let k be 2/1 - (0 - 4). Let r = k - p. Is r a prime number?
True
Let a(w) = -21*w**3 - 6*w**2 - 6*w - 2. Is a(-5) prime?
True
Let a = -75 - -114. Suppose -2*p = -3*p + a. Is p composite?
True
Suppose 2*n = 42 - 6. Let s = -13 + n. Suppose s*b - 185 = 2*d, -d + 2*d + 5 = 0. Is b a composite number?
True
Is 4*11838/48*2 prime?
True
Let h(z) = z**3 + 12*z**2 + 9*z + 7. Suppose 2*n + 40 = -3*n. Is h(n) prime?
True
Let w(r) = r**2 - 5*r - 4 - r**2 + 6*r**2. Is w(-3) prime?
False
Let m(d) = -d**2 + 5*d - 4. Let y be m(3). Suppose 0 = y*x + x - 6. Suppose 22 = 3*a - i + 2*i, 0 = -5*a + x*i + 33. Is a a prime number?
True
Let q = -31 + 176. Let p = q - -322. Is p a prime number?
True
Let t(a) = 19*a**2 - 2. Suppose -8*g + 30 = 5*z - 3*g, 4*z + g = 12. Let o be t(z). Suppose 5*u + 48 = r, o = 4*r - 5*u - 43. Is r prime?
True
Let f be 2/(-5) + 15/(-25). Is 53/(-2 + f + 4) composite?
False
Suppose -2 = 2*c - 0*c. Is (2 + -136)*c/2 a prime number?
True
Suppose 0*v + 6*v = 942. Is v a prime number?
True
Let h(o) = 3*o - 20. Let t(z) = z - 7. Let g(j) = 3*h(j) - 8*t(j). Let f be g(4). Let d(s) = -s**2 + 33. Is d(f) prime?
False
Is 805 + (-5 - 0 - -3) composite?
True
Let b(o) = o**3 + 4*o**2 + o - 2. Let y be 2/(-8) + (-30)/8. Let j be b(y). Is (26/3)/(j/(-63)) a composite number?
True
Let s = -2 + 5. Let g be (73 + s)*(-1)/(-2). Suppose -z - z = -g. Is z prime?
True
Suppose 2*u + 450 = -7*o + 3*o, -4*o = u + 233. Let r = u - -320. Is r prime?
True
Is (-3)/(-18) + (-134170)/(-12) a prime number?
False
Let a be (-438)/9 - 2/(-3). Let q = -1 - a. Is q prime?
True
Let g(b) = -67*b**2 - b - 1. Let u(r) = -66*r**2 - r - 1. Let s(o) = 3*g(o) - 2*u(o). Let t be s(-1). Is (-4)/6*t/2 a prime number?
True
Suppose -2*t + 1082 = -3*d, -870 = -5*t - 5*d + 1835. Is t composite?
False
Let o(t) = -7*t + 6. Let u be o(-11). Suppose -3*k = -3, 3*k + u = 4*x - 62. Is x a composite number?
False
Let l(o) = -o + 4 + 0*o - 2. Suppose 0 = -4*c - c + 20, 0 = -5*g - 5*c - 15. Is l(g) a prime number?
False
Suppose -4*p + l = -4, -2*p + 4*l - 8 = 4. Is p composite?
False
Let g = 9 - 6. Suppose 16 = 4*y, 0 = g*s - 0*s + 2*y - 563. Is s a composite number?
True
Let d be (1/(-3))/((-2)/30). Suppose 0 = 2*z, f = 6*f - d*z + 25. Is 38*(f/(-2) - 2) a composite number?
False
Suppose -2*f = -5*f + 759. Suppose 0*x + x = f. Is x a prime number?
False
Let a(w) = -2*w**2 + w - 4. Let f be a(-3). Let q = f - -12. Let o = q + 60. Is o a prime number?
True
Let q(s) be the second derivative of 4*s**3 + 3*s**2/2 - s. Let b be q(3). Suppose 0*d = -3*d + b. Is d composite?
True
Suppose 2212 = 3*h + 181. Is h composite?
False
Let x(w) = -18*w - 4 + 4 + 1. Let d be x(-6). Suppose 3*n - 2 = d. Is n composite?
False
Let q = -4 - -295. Suppose d + q = 4*d. Is d prime?
True
Is (1 - -88)*3 + -4 prime?
True
Let u = -611 - -1060. Is u a composite number?
False
Let u = 11 + -7. Let d be 21/6 - (-2)/u. Suppose 43 = d*j - 345. Is j composite?
False
Suppose 3*t - 5*f - 115 = 0, -188 = -t - 3*t - 2*f. Let h = 44 - -27. Let u = h - t. Is u a composite number?
True
Suppose 2 + 13 = b. Is 6276/b - 6/(-10) composite?
False
Let q(l) = -l**3 + l**2 + 2*l + 8. Suppose 0*k = -4*k + 3*b + 43, -4*k + 4*b + 48 = 0. Let y be q(k). Is 1/(y/91 + 3) composite?
True
Let p(t) be the second derivative of -t**3/6 - 3*t**2/2 + t. Let q be p(-5). Suppose 2*h + 48 = q*o, 2*h + 11 + 94 = 5*o. Is o composite?
False
Let q = 11 + -7. Let n(u) = 75 + 19*u - 43 - 37. Is n(q) a composite number?
False
Let l(x) = x**3 - 8*x**2 - 2*x - 1. Suppose -4 = -3*o + 3*u + 35, 4*u + 42 = 3*o. Is l(o) a prime number?
True
Let s be 1876/63 + 2/9. Let t(j) = j**2 + 4*j + 4. Let d be t(-4). Suppose 0 = -d*c + 3*l + s + 167, -2*l = -3*c + 149. Is c prime?
True
Suppose -5*y + 0*y + 220 = 5*w, 0 = w - 2*y - 41. Suppose 2*d + 5*r - w = d, -d + 2*r = -29. Is d a prime number?
False
Is (-7 + 0)*-19 + -2 prime?
True
Let b(a) be the third derivative of a**4/4 + 19*a**3/6 - 6*a**2. Is b(15) composite?
False
Let m(j) = -77*j - 8. Let a be m(4). Let y = 15 - a. Is y composite?
False
Is 4 + -3 + 3 + -2 composite?
False
Suppose -3*c = -9, 5*a + 4*c - 874 - 273 = 0. Suppose -701 = -4*l - 173. Let q = a - l. Is q a composite number?
True
Let u = 657 - 364. Is u a composite number?
False
Suppose 2*g - 3*a - 20 = -6, 5*g = 3*a + 26. Suppose g*d - 237 = 151. Is d prime?
True
Let j be -1 + 1 + 0 + 1. Is (6/8)/(j/148) a prime number?
False
Suppose 0 = -x - 2*r + 153, -6*x + 627 = -2*x + 5*r. Is x a prime number?
True
Let y(k) = -455*k**3 - 3*k**2 - 4*k - 3. Let f be y(-2). Suppose 2*a = -a + f. Is a a composite number?
True
Let t = -34 + 24. Is t/25 + (-394)/(-10) a prime number?
False
Is (-5178)/24*((-6)/1 + 2) a composite number?
False
Let k be 55 + (-2)/(-1) + -4. Suppose -w = m - 74, 2*w - 1 - 71 = -m. Let a = m - k. Is a a prime number?
True
Let z = 1061 - 112. Is z a prime number?
False
Let n = 5 + -3. Suppose 380 + 232 = n*f. Suppose -5*m + f - 16 = 0. Is m prime?
False
Is -159*(-3 + (-24)/(-9)) prime?
True
Let l(z) = 14*z - 11. Is l(5) composite?
False
Let i = -5670 + 8081. Is i a prime number?
True
Suppose -3 - 33 = 2*d. Suppose 3*i - i = 142. Let u = d + i. Is u a prime number?
True
Let j(s) = s**3 - s**2. Let t(p) = -2*p**3 + 5*p**2 - 3*p - 3. Let u(k) = -3*j(k) - t(k). Is u(-3) a prime number?
True
Suppose 4*b = -492 + 2460. Let g = 695 - b. Is g prime?
False
Is 1662/14 + (-4)/(-14) a prime number?
False
Let j = 24 + 23. Is j composite?
False
Is (-6)/33 + 9*(-2103)/(-99) prime?
True
Let m = -1290 + 1855. Is m a prime number?
False
Let y(j) = j**2 + 13*j + 5. Is y(-14) a prime number?
True
Let z = 517 + -108. Is z a prime number?
True
Let z(u) = -200*u**2 - u + 8. Let p(y) = 200*y**2 + y - 9. Let i(n) = -6*p(n) - 7*z(n). Is i(3) composite?
False
Suppose 0 = 3*a - 22 + 7. Suppose -u = -a, -2*s + 4*s - 45 = -3*u. Is s a prime number?
False
Is ((-124)/(-16))/((-5)/(-100)) composite?
True
Suppose 0 = -0*z + z + 4, 400 = 4*q - 4*z. Suppose 4*r - q = 52. Is r composite?
False
Let h(t) = 137*t**2 + 5*t + 9. Is h(-2) a prime number?
True
Let k = 120 - 194. Let i(r) = r**3 + 11*r**2 - 11*r + 1